{"id":627,"date":"2021-06-24T19:37:20","date_gmt":"2021-06-24T19:37:20","guid":{"rendered":"https:\/\/doofe-ohren.de\/?page_id=627"},"modified":"2022-01-16T11:49:21","modified_gmt":"2022-01-16T11:49:21","slug":"services","status":"publish","type":"page","link":"https:\/\/doofe-ohren.de\/index.php\/services\/","title":{"rendered":"Services"},"content":{"rendered":"\n<p>Das Doofe Ohren Projekt ist in erster Linie der Blog, den ihr auf dieser Website lesen k\u00f6nnt. Daneben gibt es allerdings noch eine Reihe von Services, die ich, <a href=\"https:\/\/doofe-ohren.de\/index.php\/die-autorin\/\">die Autorin<\/a>, dar\u00fcber hinaus anbiete.<\/p>\n\n\n\n<h2 class=\"wp-block-heading\">Vortr\u00e4ge \/ Rednert\u00e4tigkeit<\/h2>\n\n\n\n<p>Ihr k\u00f6nnt mich als Rednerin f\u00fcr Vortr\u00e4ge zu den folgenden Themen engagieren: <\/p>\n\n\n\n<ul class=\"wp-block-list\"><li>H\u00f6ren und H\u00f6rverlust<\/li><li>H\u00f6rger\u00e4te und H\u00f6rger\u00e4tetechnik<\/li><li>Leben mit H\u00f6rverlust<\/li><li>Assistive Technologies (Hilfsmittel f\u00fcr Menschen mit Behinderungen)<\/li><li>Leben mit Behinderungen<\/li><li>Integration am Arbeitsplatz<\/li><li>Inklusion von Menschen mit Behinderungen<\/li><\/ul>\n\n\n\n<p>Neben meinen Kompetenzen in diesen Themen, die ihr auch im Doofe Ohren Blog wieder findet, bringe ich hier auch meine langj\u00e4hrige Erfahrung in IT und Produkt-Entwicklung ein. (F\u00fcr meinen Hintergrund schaut euch <a href=\"https:\/\/doofe-ohren.de\/index.php\/die-autorin\/\">Die Autorin<\/a> an).<\/p>\n\n\n\n<p>Meine Vortr\u00e4ge biete ich auf Englisch und Deutsch an. Ich halte meine Vortr\u00e4ge sowohl gerne virtuell, aber gerne komme ich auch zu euch gereist. <\/p>\n\n\n\n<h3 class=\"wp-block-heading\">Beispiel-Vortr\u00e4ge<\/h3>\n\n\n\n<p><em>12 Mythen \u00fcber H\u00f6rverlust. <\/em>Das Thema H\u00f6rverlust birgt viele \u00dcberraschungen, wenn man ihm zum ersten mal begegnet. Dieser Vortrag zeigt die h\u00e4ufigsten Vorurteile und Missverst\u00e4ndnisse auf. Mit humorvollen Anekdoten lernt ihr hier einiges dazu!<\/p>\n\n\n\n<p><em>Was hat ein Teamchat mit Inklusion zu tun? <\/em>Wenn Firmen Menschen mit Behinderungen in den Betrieb integrieren m\u00fcssen, dann denken viele an so offensichtliche Dinge wie Rollstuhlrampen und h\u00f6henverstellbare Tische. Neben diesen sehr sichtbaren Mitteln gibt es aber viele subtile Dinge, die einen inklusiven Arbeitsplatz ausmachen. Manchmal bedarf es nur kleiner Kniffe und ein wenig mehr Aufmerksamkeit der Kollegen.<\/p>\n\n\n\n<p><em>Kleine geile Ger\u00e4te &#8211; die etwas andere Sicht auf H\u00f6rger\u00e4te. <\/em>H\u00f6rger\u00e4te haben gemeinhin nicht den besten Ruf. Man kriegt sie wenn man alt wird, sie sehen langweilig aus und sind unter den Elektronikger\u00e4te eher unsexy. Dabei sind moderne H\u00f6rger\u00e4te wahre Technologiewunder und dieser Vortrag erkl\u00e4rt warum.<\/p>\n\n\n\n<h3 class=\"wp-block-heading\">Kunden-Zufriedenheit<\/h3>\n\n\n\n<p>Einer meine tollen Kund*innen hat folgendes ueber mich zu sagen:<\/p>\n\n\n\n<p><em>\u201eHelga hat uns absolut begeistert. Sie hat komplexes Fachwissen heruntergebrochen und mit viel Engagement und Gesp\u00fcr f\u00fcr die Bedarfe ihrer Zielgruppe einfach verst\u00e4ndlich, ruhig und unterhaltsam (mit eigenen Zeichnungen! Klasse!) pr\u00e4sentiert.<\/em><\/p>\n\n\n\n<p><em>Damit setzt sie die Latte h\u00f6her f\u00fcr alle, die bisher vielleicht gedacht haben \u201eManches kann man einfach nicht in Einfacher Sprache erkl\u00e4ren\u201c.<\/em><\/p>\n\n\n\n<p><em>Wir k\u00f6nnten uns Helga auch super als Speakerin bei Girls Days vorstellen \u2013 \u00a0so wie sie IT darstellen kann, kriegt man direkt Lust, selbst ein Informatik-Studium zu beginnen\u201c<\/em><\/p>\n\n\n\n<p>Annette\u00a0H\u00fcsken-Br\u00fcggemann, Referentin f\u00fcr Erwachsenenbildung (digitale Medien, Verbraucherbildung, Inklusion) beim Evangelischen Bildungswerk M\u00fcnchen e.V, September 2021<\/p>\n\n\n\n<h3 class=\"wp-block-heading\">Anfragen<\/h3>\n\n\n\n<p>F\u00fcr Vortragsanfragen, seht meine Kontaktdaten unter <a href=\"https:\/\/doofe-ohren.de\/index.php\/kontakt\/\">Kontakt<\/a>.<\/p>\n\n\n\n<p><strong>Beratung<\/strong><\/p>\n\n\n\n<p>Ich berate Menschen, Firmen und Organisationen aller Art zu allen Themen dieses Blogs und dar\u00fcber hinaus:<\/p>\n\n\n\n<ul class=\"wp-block-list\"><li>H\u00f6ren und H\u00f6rverlust<\/li><li>H\u00f6rger\u00e4te und H\u00f6rger\u00e4tetechnik<\/li><li>Assistive Technologies (Hilfsmittel f\u00fcr Menschen mit Behinderungen)<\/li><li>Produkte f\u00fcr h\u00f6rbehinderte Menschen<\/li><li>Untertitel<\/li><li>Sprache im Bezug auf und f\u00fcr Menschen mit Behinderungen (f\u00fcr Deutsch und Englisch)<\/li><li>Inklusive Veranstaltungen organisieren<\/li><\/ul>\n\n\n\n<p>F\u00fcr Anfragen zu Beratungsw\u00fcnschen nutzt bitte auch die <a href=\"https:\/\/doofe-ohren.de\/index.php\/kontakt\/\">Kontaktm\u00f6glichkeiten<\/a>.<\/p>\n\n\n\n<p><\/p>\n","protected":false},"excerpt":{"rendered":"<p>Das Doofe Ohren Projekt ist in erster Linie der Blog, den ihr auf dieser Website lesen k\u00f6nnt. Daneben gibt es allerdings noch eine Reihe von Services, die ich, die Autorin, dar\u00fcber hinaus anbiete. Vortr\u00e4ge \/ Rednert\u00e4tigkeit Ihr k\u00f6nnt mich als &hellip; <a href=\"https:\/\/doofe-ohren.de\/index.php\/services\/\">Weiterlesen <span class=\"meta-nav\">&rarr;<\/span><\/a><\/p>\n","protected":false},"author":2,"featured_media":0,"parent":0,"menu_order":0,"comment_status":"closed","ping_status":"closed","template":"","meta":{"footnotes":""},"class_list":["post-627","page","type-page","status-publish","hentry"],"_links":{"self":[{"href":"https:\/\/doofe-ohren.de\/index.php\/wp-json\/wp\/v2\/pages\/627","targetHints":{"allow":["GET"]}}],"collection":[{"href":"https:\/\/doofe-ohren.de\/index.php\/wp-json\/wp\/v2\/pages"}],"about":[{"href":"https:\/\/doofe-ohren.de\/index.php\/wp-json\/wp\/v2\/types\/page"}],"author":[{"embeddable":true,"href":"https:\/\/doofe-ohren.de\/index.php\/wp-json\/wp\/v2\/users\/2"}],"replies":[{"embeddable":true,"href":"https:\/\/doofe-ohren.de\/index.php\/wp-json\/wp\/v2\/comments?post=627"}],"version-history":[{"count":15,"href":"https:\/\/doofe-ohren.de\/index.php\/wp-json\/wp\/v2\/pages\/627\/revisions"}],"predecessor-version":[{"id":744,"href":"https:\/\/doofe-ohren.de\/index.php\/wp-json\/wp\/v2\/pages\/627\/revisions\/744"}],"wp:attachment":[{"href":"https:\/\/doofe-ohren.de\/index.php\/wp-json\/wp\/v2\/media?parent=627"}],"curies":[{"name":"wp","href":"https:\/\/api.w.org\/{rel}","templated":true}]}}