{"id":616,"date":"2021-06-20T13:40:34","date_gmt":"2021-06-20T13:40:34","guid":{"rendered":"https:\/\/doofe-ohren.de\/?page_id=616"},"modified":"2026-03-30T13:02:41","modified_gmt":"2026-03-30T13:02:41","slug":"inhaltsverzeichnis","status":"publish","type":"page","link":"https:\/\/doofe-ohren.de\/index.php\/inhaltsverzeichnis\/","title":{"rendered":"Inhaltsverzeichnis"},"content":{"rendered":"\n<p>Die Artikel im Blog erscheinen lose auf einander aufbauend, aber in relativ beliebiger Reihenfolge. Wer das Thema H\u00f6rverlust und H\u00f6rger\u00e4te etwas strukturierter angehen m\u00f6chte, dem stellen wir hier ein Inhaltsverzeichnis nach Themen gruppiert zur Verf\u00fcgung. (Erscheinungsdatum in Klammern).<\/p>\n\n\n\n<h2 class=\"wp-block-heading\">Grundlagen H\u00f6ren und H\u00f6rverlust<\/h2>\n\n\n\n<ul class=\"wp-block-list\">\n<li><a href=\"https:\/\/doofe-ohren.de\/index.php\/2020\/09\/01\/warum-verstehen-wir-oft-akustisch-die-pointe-von-witzen-nicht\/\">Warum verstehen wir oft akustisch die Pointe von Witzen nicht?<\/a> (01.09.2020)<\/li>\n\n\n\n<li><a href=\"https:\/\/doofe-ohren.de\/index.php\/2020\/11\/15\/dinge-richtig-wiederholen\/\">Dinge richtig wiederholen<\/a> (15.11.2020)<\/li>\n\n\n\n<li><a href=\"https:\/\/doofe-ohren.de\/index.php\/2020\/12\/01\/der-cocktailparty-effekt\/\">Der Cocktailparty-Effekt<\/a> (01.12.2020)<\/li>\n\n\n\n<li><a href=\"https:\/\/doofe-ohren.de\/index.php\/2020\/12\/15\/von-loeffeln-und-vom-hoeren\/\">Von L\u00f6ffeln und vom H\u00f6ren<\/a> (15.12.2020)<\/li>\n\n\n\n<li><a href=\"https:\/\/doofe-ohren.de\/index.php\/2021\/03\/15\/hoeren-auf-zweierlei-weise\/\">H\u00f6ren auf zweierlei Weise<\/a> (15.03.2021)<\/li>\n\n\n\n<li><a href=\"https:\/\/doofe-ohren.de\/index.php\/2021\/04\/15\/die-sprach-banane\/\">Die Sprach-Banane<\/a> (15.04.2021)<\/li>\n<\/ul>\n\n\n\n<h2 class=\"wp-block-heading\">Grundlagen H\u00f6rger\u00e4te<\/h2>\n\n\n\n<ul class=\"wp-block-list\">\n<li><a href=\"https:\/\/doofe-ohren.de\/index.php\/2020\/05\/15\/warum-eigentlich-hoergeraete\/\">Warum eigentlich H\u00f6rger\u00e4te?<\/a> (15.05.2020)<\/li>\n\n\n\n<li><a href=\"https:\/\/doofe-ohren.de\/index.php\/2020\/06\/15\/horgerate-vs-cochlea-implantate\/\">H\u00f6rger\u00e4te und Cochlea Implantate<\/a> (15.06.2020)<\/li>\n\n\n\n<li><a href=\"https:\/\/doofe-ohren.de\/index.php\/2020\/07\/15\/bauformen-von-horgeraten\/\">Bauformen von H\u00f6rger\u00e4ten<\/a> (15.07.2020)<\/li>\n\n\n\n<li><a href=\"https:\/\/doofe-ohren.de\/index.php\/2020\/08\/01\/ohrstucke-otoplastiken-oder-schirmchen\/\">Ohrst\u00fccke: Otoplastiken oder Schirmchen?<\/a> (01.08.2020)<\/li>\n\n\n\n<li><a href=\"https:\/\/doofe-ohren.de\/index.php\/2020\/08\/15\/warum-fiept-mein-hoergeraet\/\">Warum fiept mein H\u00f6rger\u00e4t?<\/a> (15.08.2020)<\/li>\n\n\n\n<li><a href=\"https:\/\/doofe-ohren.de\/index.php\/2021\/02\/01\/wie-funktionieren-moderne-horgerate\/\">Wie funktionieren (moderne) H\u00f6rger\u00e4te?<\/a> (01.02.2020)<\/li>\n\n\n\n<li><a href=\"https:\/\/doofe-ohren.de\/index.php\/2022\/09\/02\/schwerhoerigkeit-in-bildern\/\">Schwerh\u00f6rigkeit in Bildern<\/a> (01.09.2022)<\/li>\n\n\n\n<li><a href=\"https:\/\/doofe-ohren.de\/index.php\/2022\/10\/01\/die-unbehaglichkeitsschwelle-in-bildern\/\">Die Unbehaglichkeitsschwelle in Bildern<\/a> (01.10.2022)<\/li>\n\n\n\n<li><a href=\"https:\/\/doofe-ohren.de\/index.php\/2023\/02\/01\/milder-hoerverlust\/\">Milder H\u00f6rverlust<\/a> (01.02.2022)<\/li>\n\n\n\n<li><a href=\"https:\/\/doofe-ohren.de\/index.php\/2025\/04\/15\/warum-sind-meine-hoergeraete-so-laut\/\">Warum sind meine H\u00f6rger\u00e4te so laut?<\/a> (15.04.2025)<\/li>\n\n\n\n<li><a href=\"https:\/\/doofe-ohren.de\/index.php\/2026\/02\/01\/muskelkater-im-hirn-teil-1-besser-hoeren-durch-hoertraining\/\">Muskelkater im Hirn \u2013 Teil 1: Besser H\u00f6ren durch H\u00f6rtraining<\/a> (01.02.2026)<\/li>\n\n\n\n<li><a href=\"https:\/\/doofe-ohren.de\/index.php\/2026\/02\/08\/muskelkater-im-hirn-teil-2-chancen-und-grenzen-von-hoertrainings\/\">Muskelkater im Hirn \u2013 Teil 2: Chancen und Grenzen von H\u00f6rtrainings<\/a> (08.02.2026)<\/li>\n\n\n\n<li><a href=\"https:\/\/doofe-ohren.de\/index.php\/2026\/02\/15\/muskelkater-im-hirn-teil-3-der-markt-und-die-auswahlkriterien\/\">Muskelkater im Hirn \u2013 Teil: 3: Der Markt der H\u00f6rtrainings und die Auswahlkriterien <\/a>(15.02.2026)<\/li>\n\n\n\n<li><a href=\"https:\/\/doofe-ohren.de\/index.php\/2026\/02\/22\/muskelkater-im-hirn-teil-4-der-erfahrungsbericht\/\">Muskelkater im Hirn \u2013 Teil 4: Der Erfahrungsbericht<\/a> (21.02.2026)<\/li>\n<\/ul>\n\n\n\n<h2 class=\"wp-block-heading\">Akustiker:innen<\/h2>\n\n\n\n<ul class=\"wp-block-list\">\n<li><a href=\"https:\/\/doofe-ohren.de\/index.php\/2020\/06\/01\/wie-findet-man-einen-guten-akustiker-teil-1-erreichbarkeit\/\">Wie findet man einen guten Akustiker? Teil 1: Erreichbarkeit<\/a> (01.06.2020)<\/li>\n\n\n\n<li><a href=\"https:\/\/doofe-ohren.de\/index.php\/2020\/07\/01\/wie-findet-man-einen-guten-akustiker-teil-2-das-zwischenmenschliche\/\">Wie findet man einen guten Akustiker? Teil 2: Das Zwischenmenschliche<\/a> (01.07.2020)<\/li>\n\n\n\n<li><a href=\"https:\/\/doofe-ohren.de\/index.php\/2020\/09\/15\/wie-findet-man-einen-guten-akustiker-teil-3-portfolio\/\">Wie findet man einen guten Akustiker? Teil 3: Portfolio<\/a> (15.09.2020)<\/li>\n\n\n\n<li><a href=\"https:\/\/doofe-ohren.de\/index.php\/2021\/06\/15\/wie-findet-man-einen-guten-akustiker-teil-4-akustik-kompetenz\/\">Wie findet man einen guten Akustiker? Teil 4: Akustik-Kompetenz<\/a> (15.06.2021)<\/li>\n\n\n\n<li><a href=\"https:\/\/doofe-ohren.de\/index.php\/2021\/08\/01\/wie-findet-man-einen-guten-akustiker-teil-5-technikkompetenz\/\">Wie findet man einen guten Akustiker? Teil 5: Technikkompetenz<\/a> (01.08.2021)<\/li>\n\n\n\n<li><a href=\"https:\/\/doofe-ohren.de\/index.php\/2022\/12\/28\/kundendisziplinierung-bei-ablauf-der-testphase\/\">Kundendisziplinierung bei Ablauf der Testphase<\/a> (28.12.2022)<\/li>\n\n\n\n<li><a href=\"https:\/\/doofe-ohren.de\/index.php\/2023\/08\/15\/die-hoergeraete-vertriebsmaschine-audibene\/\">Die H\u00f6rger\u00e4te-Vertriebsmaschine Audibene<\/a> (15.08.2023)<\/li>\n\n\n\n<li><a href=\"https:\/\/doofe-ohren.de\/index.php\/2023\/09\/15\/rebranding-von-hoergeraeten\/\">Rebranding von H\u00f6rger\u00e4ten<\/a> (15.09.2023)<\/li>\n\n\n\n<li><a href=\"https:\/\/doofe-ohren.de\/index.php\/2024\/10\/01\/hoergeraet-und-nun\/\">H\u00f6rger\u00e4t \u2013 und nun?<\/a> (01.10.2024)<\/li>\n<\/ul>\n\n\n\n<h2 class=\"wp-block-heading\">H\u00f6rtests<\/h2>\n\n\n\n<ul class=\"wp-block-list\">\n<li><a href=\"https:\/\/doofe-ohren.de\/index.php\/2020\/10\/15\/hoertest-teil-1-audiogramm-und-hoerschwellenmessung\/\">H\u00f6rtest Teil 1: Audiogramm und H\u00f6rschwellenmessung<\/a> (15.10.2020)<\/li>\n\n\n\n<li><a href=\"https:\/\/doofe-ohren.de\/index.php\/2020\/11\/01\/hoertest-teil-2-die-unbehaglichkeitsschwelle\/\">H\u00f6rtest Teil 2: Die Unbehaglichkeitsschwelle<\/a> (01.11.2020)<\/li>\n\n\n\n<li><a href=\"https:\/\/doofe-ohren.de\/index.php\/2021\/03\/01\/hoertest-teil-3-die-sprachverstaendlichkeit\/\">H\u00f6rtest Teil 3: Die Sprachverst\u00e4ndlichkeit<\/a> (01.03.2021)<\/li>\n\n\n\n<li><a href=\"https:\/\/doofe-ohren.de\/index.php\/2021\/04\/01\/hoertest-teil-4-die-knochenleitung\/\">H\u00f6rtest Teil 4: Die Knochenleitung<\/a> (01.04.2021)<\/li>\n<\/ul>\n\n\n\n<h2 class=\"wp-block-heading\">Auswahl von H\u00f6rger\u00e4ten<\/h2>\n\n\n\n<ul class=\"wp-block-list\">\n<li><a href=\"https:\/\/doofe-ohren.de\/index.php\/2021\/02\/15\/sichtbarkeit-von-hoergeraeten\/\">Sichtbarkeit von H\u00f6rger\u00e4ten<\/a> (15.02.2021)<\/li>\n\n\n\n<li><a href=\"https:\/\/doofe-ohren.de\/index.php\/2021\/12\/15\/wie-man-hoergeraete-bekommt\/\">Wie man H\u00f6rger\u00e4te bekommt<\/a> (15.12.2021)<\/li>\n\n\n\n<li><a href=\"https:\/\/doofe-ohren.de\/index.php\/2022\/01\/01\/wie-testet-man-hoergeraete-richtig\/\">Wie testet man H\u00f6rger\u00e4te richtig?<\/a> (01.01.2022)<\/li>\n<\/ul>\n\n\n\n<h2 class=\"wp-block-heading\">Fortgeschrittenes \u00fcber H\u00f6rger\u00e4te<\/h2>\n\n\n\n<ul class=\"wp-block-list\">\n<li><a href=\"https:\/\/doofe-ohren.de\/index.php\/2020\/10\/01\/akustikertermin-aus-der-ferne\/\">Akustikertermin aus der Ferne<\/a> (01.10.2020)<\/li>\n\n\n\n<li><a href=\"https:\/\/doofe-ohren.de\/index.php\/2021\/07\/15\/warum-wiederaufladbare-hoergeraete-noch-nicht-das-wahre-sind\/\">Warum wiederaufladbare H\u00f6rger\u00e4te (noch?) nicht das Wahre sind<\/a> (15.07.2021)<\/li>\n\n\n\n<li><a href=\"https:\/\/doofe-ohren.de\/index.php\/2021\/09\/15\/warum-hoergeraete-miteinander-reden\/\">Warum H\u00f6rger\u00e4te miteinander reden<\/a> (15.09.2021)<\/li>\n\n\n\n<li><a href=\"https:\/\/doofe-ohren.de\/index.php\/2022\/05\/01\/impulsschallunterdrueckung\/\">H\u00f6ren ohne Spitzen &#8211; Impulsschallunterdr\u00fcckung<\/a> (01.05.2022)<\/li>\n<\/ul>\n\n\n\n<h2 class=\"wp-block-heading\">Verbindungsm\u00f6glichkeiten von H\u00f6rger\u00e4ten<\/h2>\n\n\n\n<ul class=\"wp-block-list\">\n<li><a href=\"https:\/\/doofe-ohren.de\/index.php\/2021\/07\/01\/verbindungsmoeglichkeiten-von-hoergeraeten\/\">Verbindungsm\u00f6glichkeiten von H\u00f6rger\u00e4ten <\/a>(01.07.2021)<\/li>\n\n\n\n<li><a href=\"https:\/\/doofe-ohren.de\/index.php\/2021\/06\/01\/kopfhoerer-und-hoergeraete\/\">Kopfh\u00f6rer und H\u00f6rger\u00e4te<\/a> (01.06.2021)<\/li>\n\n\n\n<li><a href=\"https:\/\/doofe-ohren.de\/index.php\/2021\/08\/15\/freud-und-leid-mit-tv-adaptern\/\">Freud und Leid mit TV Adaptern <\/a>(15.08.2021)<\/li>\n\n\n\n<li><a href=\"https:\/\/doofe-ohren.de\/index.php\/2021\/10\/01\/bluetooth-und-hoergeraete\/\">Bluetooth und H\u00f6rger\u00e4te<\/a> (01.10.2021)<\/li>\n\n\n\n<li><a href=\"https:\/\/doofe-ohren.de\/index.php\/2021\/10\/15\/was-an-bluetooth-hoergeraeten-nervt\/\">Was an Bluetooth-H\u00f6rger\u00e4ten nervt<\/a> (15.10.2021)<\/li>\n\n\n\n<li><a href=\"https:\/\/doofe-ohren.de\/index.php\/2021\/11\/01\/wie-bluetooth-hoergeraete-mein-leben-veraendert-haben\/\">Wie Bluetooth-H\u00f6rger\u00e4te mein Leben ver\u00e4ndert haben<\/a> (01.11.2021)<\/li>\n\n\n\n<li><a href=\"https:\/\/doofe-ohren.de\/index.php\/2021\/11\/15\/mehr-teilhabe-durch-induktionsschleifen\/\">Mehr Teilhabe durch Induktionsschleifen<\/a> (15.11.2021)<\/li>\n\n\n\n<li><a href=\"https:\/\/doofe-ohren.de\/index.php\/2021\/12\/01\/die-hoffnung-am-bluetooth-himmel\/\">Die Hoffnung am Bluetooth-Himmel<\/a> (01.12.2021)<\/li>\n\n\n\n<li><a href=\"https:\/\/doofe-ohren.de\/index.php\/2022\/02\/01\/bluetooth-helfer-in-der-not\/\">Bluetooth-Helfer in der Not<\/a> (01.02.2022)<\/li>\n\n\n\n<li><a href=\"https:\/\/doofe-ohren.de\/index.php\/2023\/11\/01\/auracast-wie-ist-der-stand-der-dinge\/\">Auracast \u2013 Wie ist der Stand der Dinge?<\/a> (01.11.2023)<\/li>\n\n\n\n<li><a href=\"https:\/\/doofe-ohren.de\/index.php\/2023\/07\/15\/akustiker-und-die-ringschleife\/\">Akustiker und die Ringschleife<\/a> (15.07.2023)<\/li>\n\n\n\n<li><a href=\"https:\/\/doofe-ohren.de\/index.php\/2024\/08\/15\/auracast-versus-induktion-welchen-zug-nimmst-du\/\">Auracast versus Induktion \u2013 welchen Zug nimmst du?<\/a> (15.08.2024)<\/li>\n\n\n\n<li><a href=\"https:\/\/doofe-ohren.de\/index.php\/2025\/04\/01\/die-auracast-zukunft-schnuppern\/\">Die Auracast-Zukunft schnuppern<\/a> (01.04.2025)<\/li>\n\n\n\n<li><a href=\"https:\/\/doofe-ohren.de\/index.php\/2025\/09\/08\/zusammen-musik-hoeren-durch-auracast-auch-mit-hoergeraeten\/\">Zusammen Musik h\u00f6ren durch Auracast \u2013 auch mit H\u00f6rger\u00e4ten<\/a> (08.09.2025)<\/li>\n\n\n\n<li><a href=\"https:\/\/doofe-ohren.de\/index.php\/2025\/11\/01\/auracast-stand-oktober-2025\/\">Auracast \u2013 Stand Oktober 2025<\/a> (01.11.2025)<\/li>\n<\/ul>\n\n\n\n<h2 class=\"wp-block-heading\">K\u00fcnstliche Intelligenz<\/h2>\n\n\n\n<ul class=\"wp-block-list\">\n<li><a href=\"https:\/\/doofe-ohren.de\/index.php\/2023\/02\/15\/kuenstliche-intelligenz-in-hoergeraeten\/\">K\u00fcnstliche Intelligenz in H\u00f6rger\u00e4ten<\/a> (15.02.2023)<\/li>\n\n\n\n<li><a href=\"https:\/\/doofe-ohren.de\/index.php\/2025\/10\/25\/kuenstliche-intelligenz-in-hoergeraeten-stand-oktober-2025\/\">K\u00fcnstliche Intelligenz in H\u00f6rger\u00e4ten \u2013 Stand Oktober 2025<\/a> (25.10.2025)<\/li>\n<\/ul>\n\n\n\n<p><strong>Praktisches<\/strong><\/p>\n\n\n\n<ul class=\"wp-block-list\">\n<li><a href=\"https:\/\/doofe-ohren.de\/index.php\/2022\/03\/01\/videokonferenzen-zu-zweit-an-einem-ort-hoerender-und-hoergeraetetraegerin\/\">Videokonferenzen zu zweit an einem Ort \u2013 H\u00f6rende*r und H\u00f6rger\u00e4tetr\u00e4ger*in<\/a> (01.03.2022)<\/li>\n\n\n\n<li>[Tutorial] <a href=\"https:\/\/doofe-ohren.de\/index.php\/bluetooth-hoergeraete-unter-linux\/\">Bluetooth-H\u00f6rger\u00e4te unter Linux <\/a>(12.03.2022)<\/li>\n\n\n\n<li><a href=\"https:\/\/doofe-ohren.de\/index.php\/2024\/03\/15\/wie-findet-man-ein-leises-restaurant\/\">Wie findet man ein leises Restaurant?<\/a> (15.03.2024)<\/li>\n\n\n\n<li><a href=\"https:\/\/doofe-ohren.de\/index.php\/2024\/04\/15\/neu-sprachnachrichten-automatisch-in-text-umwandeln\/\">Sprachnachrichten automatisch in Text umwandeln<\/a> (01.05.2024)<\/li>\n<\/ul>\n\n\n\n<h2 class=\"wp-block-heading\">Untertitel<\/h2>\n\n\n\n<ul class=\"wp-block-list\">\n<li><a href=\"https:\/\/doofe-ohren.de\/index.php\/2021\/01\/01\/warum-untertitel-trotz-hoergeraete\/\">Warum Untertitel trotz H\u00f6rger\u00e4te?<\/a> (01.01.2021)<\/li>\n\n\n\n<li><a href=\"https:\/\/doofe-ohren.de\/index.php\/2021\/09\/01\/was-an-untertiteln-nervt\/\">Was an Untertiteln nervt<\/a> (01.09.2021)<\/li>\n<\/ul>\n\n\n\n<h2 class=\"wp-block-heading\">Musik<\/h2>\n\n\n\n<ul class=\"wp-block-list\">\n<li><a href=\"https:\/\/doofe-ohren.de\/index.php\/2021\/04\/22\/ein-hoch-auf-online-konzerte\/\">Ein Hoch auf Online-Konzerte<\/a> (22.04.2021)<\/li>\n\n\n\n<li><a href=\"https:\/\/doofe-ohren.de\/index.php\/2021\/05\/01\/warum-musikgenuss-mit-hoergeraeten-eine-herausforderung-ist\/\">Warum Musikgenuss mit H\u00f6rger\u00e4ten eine Herausforderung ist<\/a> (01.05.2021)<\/li>\n\n\n\n<li><a href=\"https:\/\/doofe-ohren.de\/index.php\/2021\/05\/15\/besserer-musikgenuss-mit-hoergeraeten\/\">Besserer Musikgenuss mit H\u00f6rger\u00e4ten<\/a> (15.05.2021)<\/li>\n<\/ul>\n\n\n\n<p><strong>Reflexionen<\/strong><\/p>\n\n\n\n<ul class=\"wp-block-list\">\n<li><a href=\"https:\/\/doofe-ohren.de\/index.php\/2022\/01\/15\/der-preis-der-schoenheit-des-hoerens\/\">Der Preis der Sch\u00f6nheit des H\u00f6rens<\/a> (15.01.2022)<\/li>\n\n\n\n<li><a href=\"https:\/\/doofe-ohren.de\/index.php\/2022\/02\/15\/die-unsichtbare-bergwanderung\/\">Die unsichtbare Bergwanderung<\/a> (15.02.2022)<\/li>\n\n\n\n<li><a href=\"https:\/\/doofe-ohren.de\/index.php\/2022\/03\/15\/eine-utopie\/\">Eine Utopie<\/a> (15.03.2022)<\/li>\n\n\n\n<li><a href=\"https:\/\/doofe-ohren.de\/index.php\/2022\/04\/15\/liebe-hoergeraete-hersteller-redet-miteinander\/\">Liebe H\u00f6rger\u00e4te-Hersteller: Redet miteinander!<\/a> (15.04.2022)<\/li>\n\n\n\n<li><a href=\"https:\/\/doofe-ohren.de\/index.php\/2022\/05\/15\/einklang-von-koerper-und-geist\/\">Einklang von K\u00f6rper und Geist<\/a> (15.05.2022)<\/li>\n\n\n\n<li><a href=\"https:\/\/doofe-ohren.de\/index.php\/2022\/06\/15\/neutrale-hoergeraeteberatung\/\">Neutrale H\u00f6rger\u00e4teberatung<\/a> (15.06.2022)<\/li>\n\n\n\n<li><a href=\"https:\/\/doofe-ohren.de\/index.php\/2022\/07\/15\/die-eine-checkbox\/\">Die eine Checkbox<\/a> (15.07.2022)<\/li>\n\n\n\n<li><a href=\"https:\/\/doofe-ohren.de\/index.php\/2022\/08\/01\/unsichtbare-untieferen\/\">Unsichtbare Untiefen<\/a> (01.08.2022)<\/li>\n\n\n\n<li><a href=\"https:\/\/doofe-ohren.de\/index.php\/2022\/09\/15\/stimmen-im-kopf\/\">Stimmen im Kopf<\/a> (15.09.2022)<\/li>\n\n\n\n<li><a href=\"https:\/\/doofe-ohren.de\/index.php\/2022\/10\/15\/verstehen-in-gesellschaft\/\">Verstehen in Gesellschaft<\/a> (15.10.2022)<\/li>\n\n\n\n<li><a href=\"https:\/\/doofe-ohren.de\/index.php\/2022\/11\/15\/das-gefaehrliche-nass\/\">Das gef\u00e4hrliche Nass<\/a> (15.11.2022)<\/li>\n\n\n\n<li><a href=\"https:\/\/doofe-ohren.de\/index.php\/2023\/03\/15\/manchmal-waere-ich-lieber-gehoerlos\/\">Manchmal w\u00e4re ich lieber geh\u00f6rlos<\/a> (15.03.2023)<\/li>\n\n\n\n<li><a href=\"https:\/\/doofe-ohren.de\/index.php\/2023\/04\/15\/sprachnachrichten-die-nemesis-der-schwerhoerigen\/\">Sprachnachrichten, die Nemesis der Schwerh\u00f6rigen<\/a> (15.04.2023)<\/li>\n\n\n\n<li><a href=\"https:\/\/doofe-ohren.de\/index.php\/2023\/05\/15\/raum-fuer-ohren\/\">Raum f\u00fcr Ohren<\/a> (15.05.2023) <\/li>\n\n\n\n<li><a href=\"https:\/\/doofe-ohren.de\/index.php\/2023\/06\/15\/ueber-die-notwendigkeit-immer-besser-organisiert-zu-sein\/\">\u00dcber die Notwendigkeit, immer besser organisiert zu sein<\/a> (15.06.2023)<\/li>\n\n\n\n<li><a href=\"https:\/\/doofe-ohren.de\/index.php\/2024\/01\/15\/wer-hat-hoergeraete-verdient\/\">Wer hat H\u00f6rger\u00e4te verdient?<\/a> (15.01.2024)<\/li>\n\n\n\n<li><a href=\"https:\/\/doofe-ohren.de\/index.php\/2024\/02\/15\/mein-imaginaerer-freund-der-tinnitus\/\">Mein imagin\u00e4rer Freund, der Tinnitus<\/a> (15.02.2024)<\/li>\n\n\n\n<li><a href=\"https:\/\/doofe-ohren.de\/index.php\/2024\/07\/15\/das-entweder-oder-problem\/\">Das Entweder-Oder-Problem<\/a> (15.07.2024)<\/li>\n\n\n\n<li><a href=\"https:\/\/doofe-ohren.de\/index.php\/2025\/01\/15\/viel-forschung-wenig-umsetzung\/\">Viel Forschung, wenig Umsetzung<\/a> (15.01.2025)<\/li>\n\n\n\n<li><a href=\"https:\/\/doofe-ohren.de\/index.php\/2025\/07\/01\/unbeabsichtigt-barrierefrei\/\">Unbeabsichtigt Barrierefrei<\/a> (15.01.2025)<\/li>\n\n\n\n<li><a href=\"https:\/\/doofe-ohren.de\/index.php\/2026\/01\/15\/die-ziellinie\/\">Die Ziellinie<\/a> (15.01.2026)<\/li>\n<\/ul>\n\n\n\n<h2 class=\"wp-block-heading\">Medien-Tips<\/h2>\n\n\n\n<ul class=\"wp-block-list\">\n<li><a href=\"https:\/\/doofe-ohren.de\/index.php\/2022\/04\/01\/filmvorstellung-coda\/\">Filmvorstellung: CODA<\/a> (01.04.2022)<\/li>\n\n\n\n<li><a href=\"https:\/\/doofe-ohren.de\/index.php\/2022\/12\/01\/du-sollst-hoeren\/\">Filmvorstellung: Du sollst h\u00f6ren<\/a> (01.12.2022)<\/li>\n\n\n\n<li><a href=\"https:\/\/doofe-ohren.de\/index.php\/2022\/12\/15\/el-taubinio\/\">Buchvorstellung: El Taubinio<\/a> (15.12.2022)<\/li>\n<\/ul>\n\n\n\n<h2 class=\"wp-block-heading\">Aktuelles<\/h2>\n\n\n\n<ul class=\"wp-block-list\">\n<li><a href=\"https:\/\/doofe-ohren.de\/index.php\/2021\/01\/15\/schwerhoerig-in-corona-zeiten\/\">Schwerh\u00f6rig in Corona-Zeiten<\/a> (15.01.2021)<\/li>\n\n\n\n<li><a href=\"https:\/\/doofe-ohren.de\/index.php\/2022\/08\/15\/die-hoergeraete-barbie\/\">Die H\u00f6rger\u00e4te-Barbie<\/a> (15.08.2022)<\/li>\n\n\n\n<li><a href=\"https:\/\/doofe-ohren.de\/index.php\/2022\/11\/01\/euha-2022-teil-1\/\">EUHA 2022 Teil 1: Neuigkeiten aus der Welt der H\u00f6rger\u00e4te<\/a> (01.11.2022)<\/li>\n\n\n\n<li><a href=\"https:\/\/doofe-ohren.de\/index.php\/2023\/01\/15\/die-besten-vortraege-der-euha\/\">Die besten Vortr\u00e4ge der EUHA<\/a> (15.01.2023)<\/li>\n\n\n\n<li><a href=\"https:\/\/doofe-ohren.de\/index.php\/2024\/12\/20\/eine-woche-airpods-als-hoergeraet-der-selbsttest\/\">Eine Woche Airpods als H\u00f6rger\u00e4t \u2013 Der Selbsttest<\/a> (20.12.2024)<\/li>\n\n\n\n<li><a href=\"https:\/\/doofe-ohren.de\/index.php\/2025\/04\/30\/onlinehandel-von-hoergeraeten\/\">Onlinehandel von H\u00f6rger\u00e4ten<\/a> (30.04.2025)<\/li>\n<\/ul>\n\n\n\n<h2 class=\"wp-block-heading\">Humor<\/h2>\n\n\n\n<ul class=\"wp-block-list\">\n<li><a href=\"https:\/\/doofe-ohren.de\/index.php\/2023\/12\/15\/hoergeraete-designs-von-kuenstlicher-intelligenz\/\">H\u00f6rger\u00e4te entworfen von K\u00fcnstlicher Intelligenz<\/a> (15.12.2023)<\/li>\n<\/ul>\n\n\n\n<p><strong>Pressespiegel<\/strong><\/p>\n\n\n\n<p>Das Doofe Ohren Projekt schaut \u00fcber den Tellerrand und ist auch bei anderen Initiativen zu Gast:<\/p>\n\n\n\n<ul class=\"wp-block-list\">\n<li><a href=\"https:\/\/doofe-ohren.de\/index.php\/2020\/09\/22\/hear-how-you-like-to-hear-podcast\/\">Hear how you like to hear Podcast<\/a> (22.09.2020)<\/li>\n<\/ul>\n\n\n\n<p><strong>Doofe Ohren Unterwegs<\/strong><\/p>\n\n\n\n<p>Doofe Ohren macht mehr als nur bloggen. Hier sind Artikel zu unseren Aktivit\u00e4ten:<\/p>\n\n\n\n<ul class=\"wp-block-list\">\n<li><a href=\"https:\/\/doofe-ohren.de\/index.php\/2023\/11\/15\/resuemee-meines-workshops-schwerhoerig-und-digital-unterwegs\/\">Res\u00fcmee meines Workshops \u201cschwerh\u00f6rig und digital unterwegs\u201d<\/a> (15.11.2023)<\/li>\n\n\n\n<li><a href=\"https:\/\/doofe-ohren.de\/index.php\/2023\/08\/01\/mein-workshop-ueber-smartphones-und-hoergeraete\/\">Mein Workshop \u00fcber Smartphones und H\u00f6rger\u00e4te<\/a> (01.08.2023)<\/li>\n<\/ul>\n\n\n\n<p><strong>Von anderen<\/strong><\/p>\n\n\n\n<p>Gelegentlich weisen wir auf Inhalte anderer Quellen hin.<\/p>\n\n\n\n<ul class=\"wp-block-list\">\n<li><a href=\"https:\/\/doofe-ohren.de\/index.php\/2020\/09\/07\/das-wunder-des-hoerens\/\">Das Wunder des H\u00f6rens<\/a> (07.09.2020)<\/li>\n\n\n\n<li><a href=\"https:\/\/doofe-ohren.de\/index.php\/2020\/12\/08\/ab-jetzt-offiziell-alt\/\">Ab jetzt offiziell alt<\/a> (08.12.2020)<\/li>\n\n\n\n<li><a href=\"https:\/\/doofe-ohren.de\/index.php\/2020\/12\/21\/die-gebaerde-des-tages\/\">Die Geb\u00e4rde des Tages<\/a> (21.12.2020)<\/li>\n\n\n\n<li><a href=\"https:\/\/doofe-ohren.de\/index.php\/2021\/01\/07\/ein-selbstbau-hoergeraete\/\">Ein Selbstbau-H\u00f6rger\u00e4t<\/a> (07.01.2020)<\/li>\n\n\n\n<li><a href=\"https:\/\/doofe-ohren.de\/index.php\/2021\/01\/21\/fernsehen-fuer-alle\/\">Fernsehen f\u00fcr Alle<\/a> (21.01.2020)<\/li>\n\n\n\n<li><a href=\"https:\/\/doofe-ohren.de\/index.php\/2021\/02\/07\/sound-of-metal\/\">Sound of Metal<\/a> (07.02.2020)<\/li>\n\n\n\n<li><a href=\"https:\/\/doofe-ohren.de\/index.php\/2021\/02\/21\/umfrage-fuer-die-wissenschaft\/\">Umfrage f\u00fcr die Wissenschaft<\/a> (21.02.2020)<\/li>\n\n\n\n<li><a href=\"https:\/\/doofe-ohren.de\/index.php\/2021\/02\/23\/deafit-2021\/\">DeafIT 2021 \u2013 Vorschau<\/a> (23.02.2020)<\/li>\n\n\n\n<li><a href=\"https:\/\/doofe-ohren.de\/index.php\/2021\/02\/25\/hearables-im-test\/\">Hearables im Test<\/a> (25.02.2020)<\/li>\n\n\n\n<li><a href=\"https:\/\/doofe-ohren.de\/index.php\/2021\/04\/07\/deafit-2021-2\/\">DeafIT 2021<\/a> (07.04.2021)<\/li>\n\n\n\n<li><a href=\"https:\/\/doofe-ohren.de\/index.php\/2022\/12\/23\/filterlos-blog\/\">Filterlos Blog<\/a> (23.12.2022)<\/li>\n\n\n\n<li><a href=\"https:\/\/doofe-ohren.de\/index.php\/2024\/05\/15\/ohrkaputt\/\">Ohrkaputt<\/a> (15.05.2024)<\/li>\n\n\n\n<li><a href=\"https:\/\/doofe-ohren.de\/index.php\/2024\/06\/15\/cindy-klink\/\">Cindy Klink<\/a> (15.06.2024)<\/li>\n\n\n\n<li><a href=\"https:\/\/doofe-ohren.de\/index.php\/2025\/09\/08\/seminare-zum-thema-auracast\/\">Seminare zum Thema Auracast<\/a> (08.09.2025)<\/li>\n<\/ul>\n\n\n\n<h2 class=\"wp-block-heading\">Gesponsorte Artikel<\/h2>\n\n\n\n<p>Transparenzhinweis: F\u00fcr die Ver\u00f6ffentlichung dieser Artikel hat Doofe Ohren eine Bezahlung erhalten.<\/p>\n\n\n\n<ul class=\"wp-block-list\">\n<li><a href=\"https:\/\/doofe-ohren.de\/index.php\/2023\/12\/01\/man-muss-wissen-was-der-kunde-in-seinem-leben-macht-um-ihn-gut-versorgen-zu-koennen\/\">\u201eMan muss wissen was der Kunde in seinem Leben macht, um ihn gut versorgen zu k\u00f6nnen\u201c<\/a> (01.12.2023)<\/li>\n\n\n\n<li><a href=\"https:\/\/doofe-ohren.de\/index.php\/2024\/05\/01\/hoerakustik-im-neuland-dein-echo\/\">H\u00f6rakustik im Neuland: Dein Echo<\/a> (01.05.2024)<\/li>\n<\/ul>\n","protected":false},"excerpt":{"rendered":"<p>Die Artikel im Blog erscheinen lose auf einander aufbauend, aber in relativ beliebiger Reihenfolge. Wer das Thema H\u00f6rverlust und H\u00f6rger\u00e4te etwas strukturierter angehen m\u00f6chte, dem stellen wir hier ein Inhaltsverzeichnis nach Themen gruppiert zur Verf\u00fcgung. (Erscheinungsdatum in Klammern). Grundlagen H\u00f6ren &hellip; <a href=\"https:\/\/doofe-ohren.de\/index.php\/inhaltsverzeichnis\/\">Weiterlesen <span class=\"meta-nav\">&rarr;<\/span><\/a><\/p>\n","protected":false},"author":2,"featured_media":0,"parent":0,"menu_order":0,"comment_status":"closed","ping_status":"closed","template":"","meta":{"footnotes":""},"class_list":["post-616","page","type-page","status-publish","hentry"],"_links":{"self":[{"href":"https:\/\/doofe-ohren.de\/index.php\/wp-json\/wp\/v2\/pages\/616","targetHints":{"allow":["GET"]}}],"collection":[{"href":"https:\/\/doofe-ohren.de\/index.php\/wp-json\/wp\/v2\/pages"}],"about":[{"href":"https:\/\/doofe-ohren.de\/index.php\/wp-json\/wp\/v2\/types\/page"}],"author":[{"embeddable":true,"href":"https:\/\/doofe-ohren.de\/index.php\/wp-json\/wp\/v2\/users\/2"}],"replies":[{"embeddable":true,"href":"https:\/\/doofe-ohren.de\/index.php\/wp-json\/wp\/v2\/comments?post=616"}],"version-history":[{"count":60,"href":"https:\/\/doofe-ohren.de\/index.php\/wp-json\/wp\/v2\/pages\/616\/revisions"}],"predecessor-version":[{"id":2861,"href":"https:\/\/doofe-ohren.de\/index.php\/wp-json\/wp\/v2\/pages\/616\/revisions\/2861"}],"wp:attachment":[{"href":"https:\/\/doofe-ohren.de\/index.php\/wp-json\/wp\/v2\/media?parent=616"}],"curies":[{"name":"wp","href":"https:\/\/api.w.org\/{rel}","templated":true}]}}