{"id":2679,"date":"2025-02-05T18:37:18","date_gmt":"2025-02-05T18:37:18","guid":{"rendered":"https:\/\/doofe-ohren.de\/?page_id=2679"},"modified":"2025-06-17T18:07:27","modified_gmt":"2025-06-17T18:07:27","slug":"16-06-2025-webinar-digital-besser-verstehen","status":"publish","type":"page","link":"https:\/\/doofe-ohren.de\/index.php\/veranstaltungen\/16-06-2025-webinar-digital-besser-verstehen\/","title":{"rendered":"[vorbei] 16.06.2025 Webinar: Digital Besser Verstehen"},"content":{"rendered":"\n<p>Im Juni gebe ich wieder ein Webinar (Online Seminar) in Zusammenarbeit mit Pro Audito Schweiz. Pro Audito Schweiz ist die f\u00fchrende Anlaufstelle f\u00fcr die 1,3 Millionen Menschen mit Schwerh\u00f6rigkeit in der Schweiz. Bei diesem Webinar k\u00f6nnt ihr eure Fragen stellen und euch mit mir und meinen Kollegen von Pro Audito austauschen.<\/p>\n\n\n\n<p><strong>Darum geht es:<\/strong><\/p>\n\n\n\n<p>Besser verstehen dank digitaler Technologie: Wir zeigen Ihnen aktuelle Technologien und Werkzeuge, mit denen Sie stets auf Empfang bleiben.<\/p>\n\n\n\n<p>Sie erhalten einen \u00dcberblick \u00fcber die Technik moderner H\u00f6rger\u00e4te und deren Zubeh\u00f6r und erfahren, wie das Smartphone Sie in Verbindung mit Ihrem H\u00f6rger\u00e4t unterst\u00fctzen kann. Dazu lernen Sie Apps kennen, die Menschen mit Schwerh\u00f6rigkeit im Alltag helfen k\u00f6nnen, mit oder ohne H\u00f6rversorgung.<\/p>\n\n\n\n<p>Diese Veranstaltung liegt in der Vergangenheit.<\/p>\n\n\n\n<p><a href=\"https:\/\/drive.google.com\/file\/d\/1KgafBXB7m8CIoGvkrto3nzTY8yZVLbNe\/view?usp=sharing\" data-type=\"link\" data-id=\"https:\/\/drive.google.com\/file\/d\/1KgafBXB7m8CIoGvkrto3nzTY8yZVLbNe\/view?usp=sharing\">Die Folien des Seminars k\u00f6nnt ihr hier herunterladen.<\/a><\/p>\n\n\n\n<p><\/p>\n","protected":false},"excerpt":{"rendered":"<p>Im Juni gebe ich wieder ein Webinar (Online Seminar) in Zusammenarbeit mit Pro Audito Schweiz. Pro Audito Schweiz ist die f\u00fchrende Anlaufstelle f\u00fcr die 1,3 Millionen Menschen mit Schwerh\u00f6rigkeit in der Schweiz. Bei diesem Webinar k\u00f6nnt ihr eure Fragen stellen &hellip; <a href=\"https:\/\/doofe-ohren.de\/index.php\/veranstaltungen\/16-06-2025-webinar-digital-besser-verstehen\/\">Weiterlesen <span class=\"meta-nav\">&rarr;<\/span><\/a><\/p>\n","protected":false},"author":2,"featured_media":0,"parent":2661,"menu_order":0,"comment_status":"closed","ping_status":"closed","template":"","meta":{"footnotes":""},"class_list":["post-2679","page","type-page","status-publish","hentry"],"_links":{"self":[{"href":"https:\/\/doofe-ohren.de\/index.php\/wp-json\/wp\/v2\/pages\/2679","targetHints":{"allow":["GET"]}}],"collection":[{"href":"https:\/\/doofe-ohren.de\/index.php\/wp-json\/wp\/v2\/pages"}],"about":[{"href":"https:\/\/doofe-ohren.de\/index.php\/wp-json\/wp\/v2\/types\/page"}],"author":[{"embeddable":true,"href":"https:\/\/doofe-ohren.de\/index.php\/wp-json\/wp\/v2\/users\/2"}],"replies":[{"embeddable":true,"href":"https:\/\/doofe-ohren.de\/index.php\/wp-json\/wp\/v2\/comments?post=2679"}],"version-history":[{"count":3,"href":"https:\/\/doofe-ohren.de\/index.php\/wp-json\/wp\/v2\/pages\/2679\/revisions"}],"predecessor-version":[{"id":2749,"href":"https:\/\/doofe-ohren.de\/index.php\/wp-json\/wp\/v2\/pages\/2679\/revisions\/2749"}],"up":[{"embeddable":true,"href":"https:\/\/doofe-ohren.de\/index.php\/wp-json\/wp\/v2\/pages\/2661"}],"wp:attachment":[{"href":"https:\/\/doofe-ohren.de\/index.php\/wp-json\/wp\/v2\/media?parent=2679"}],"curies":[{"name":"wp","href":"https:\/\/api.w.org\/{rel}","templated":true}]}}

<p>Im Juni gebe ich wieder ein Webinar (Online Seminar) in Zusammenarbeit mit Pro Audito Schweiz. Pro Audito Schweiz ist die führende Anlaufstelle für die 1,3 Millionen Menschen mit Schwerhörigkeit in der Schweiz. Bei diesem Webinar könnt ihr eure Fragen stellen und euch mit mir und meinen Kollegen von Pro Audito austauschen.</p>



<p><strong>Darum geht es:</strong></p>



<p>Besser verstehen dank digitaler Technologie: Wir zeigen Ihnen aktuelle Technologien und Werkzeuge, mit denen Sie stets auf Empfang bleiben.</p>



<p>Sie erhalten einen Überblick über die Technik moderner Hörgeräte und deren Zubehör und erfahren, wie das Smartphone Sie in Verbindung mit Ihrem Hörgerät unterstützen kann. Dazu lernen Sie Apps kennen, die Menschen mit Schwerhörigkeit im Alltag helfen können, mit oder ohne Hörversorgung.</p>



<p>Diese Veranstaltung liegt in der Vergangenheit.</p>



<p><a href="https://drive.google.com/file/d/1KgafBXB7m8CIoGvkrto3nzTY8yZVLbNe/view?usp=sharing" data-type="link" data-id="https://drive.google.com/file/d/1KgafBXB7m8CIoGvkrto3nzTY8yZVLbNe/view?usp=sharing">Die Folien des Seminars könnt ihr hier herunterladen.</a></p>



<p></p>

<p>Im Juni gebe ich wieder ein Webinar (Online Seminar) in Zusammenarbeit mit Pro Audito Schweiz. Pro Audito Schweiz ist die führende Anlaufstelle für die 1,3 Millionen Menschen mit Schwerhörigkeit in der Schweiz. Bei diesem Webinar könnt ihr eure Fragen stellen &hellip; <a href="https://doofe-ohren.de/index.php/veranstaltungen/16-06-2025-webinar-digital-besser-verstehen/">Weiterlesen <span class="meta-nav">&rarr;</span></a></p>
