{"id":2669,"date":"2025-01-06T15:28:02","date_gmt":"2025-01-06T15:28:02","guid":{"rendered":"https:\/\/doofe-ohren.de\/?page_id=2669"},"modified":"2025-05-03T19:07:02","modified_gmt":"2025-05-03T19:07:02","slug":"14-03-2025-tag-und-nacht-der-hoergesundheit-in-koeln","status":"publish","type":"page","link":"https:\/\/doofe-ohren.de\/index.php\/veranstaltungen\/14-03-2025-tag-und-nacht-der-hoergesundheit-in-koeln\/","title":{"rendered":"[vorbei] 14.03.2025: Tag und Nacht der H\u00f6rgesundheit in K\u00f6ln"},"content":{"rendered":"\n<p>Im M\u00e4rz bin ich in K\u00f6ln beim Netzwerk f\u00fcr H\u00f6rgesundheit zu Gast. Bei der Veranstaltung &#8222;Tag der H\u00f6rgesundheit&#8220; bin ich als Teilnehmerin dabei. Abends, in der &#8222;Nacht der H\u00f6rgesundheit&#8220; bin ich Teilnehmerin in einem Panel, wo Betroffenen einen Stimme gegeben wird.<\/p>\n\n\n\n<p><strong>Veranstaltungsort:<\/strong> Mediapark K\u00f6ln<\/p>\n\n\n\n<p><strong>Zielgruppe: <\/strong>Die Zielgruppe dieser Veranstaltung sind <strong>Akustiker*innen<\/strong>. <\/p>\n\n\n\n<p>Hinweis: diese Veranstaltung liegt in der Vergangenheit. Es wird aber 2026 wieder einen Tag und eine Nacht der H\u00f6rgesundheit geben. Halte Ausschau auf: <a href=\"https:\/\/netzwerk-hoergesundheit.de\/\">https:\/\/netzwerk-hoergesundheit.de\/<\/a><\/p>\n\n\n\n<p>Einen Bericht von mir zu diesem Tag findest du hier: <a href=\"https:\/\/doofe-ohren.de\/index.php\/2025\/04\/01\/die-auracast-zukunft-schnuppern\/\">Die Auracast-Zukunft schnuppern<\/a> (01.04.2025)<\/p>\n\n\n\n<p><\/p>\n","protected":false},"excerpt":{"rendered":"<p>Im M\u00e4rz bin ich in K\u00f6ln beim Netzwerk f\u00fcr H\u00f6rgesundheit zu Gast. Bei der Veranstaltung &#8222;Tag der H\u00f6rgesundheit&#8220; bin ich als Teilnehmerin dabei. Abends, in der &#8222;Nacht der H\u00f6rgesundheit&#8220; bin ich Teilnehmerin in einem Panel, wo Betroffenen einen Stimme gegeben &hellip; <a href=\"https:\/\/doofe-ohren.de\/index.php\/veranstaltungen\/14-03-2025-tag-und-nacht-der-hoergesundheit-in-koeln\/\">Weiterlesen <span class=\"meta-nav\">&rarr;<\/span><\/a><\/p>\n","protected":false},"author":2,"featured_media":0,"parent":2661,"menu_order":0,"comment_status":"closed","ping_status":"closed","template":"","meta":{"footnotes":""},"class_list":["post-2669","page","type-page","status-publish","hentry"],"_links":{"self":[{"href":"https:\/\/doofe-ohren.de\/index.php\/wp-json\/wp\/v2\/pages\/2669","targetHints":{"allow":["GET"]}}],"collection":[{"href":"https:\/\/doofe-ohren.de\/index.php\/wp-json\/wp\/v2\/pages"}],"about":[{"href":"https:\/\/doofe-ohren.de\/index.php\/wp-json\/wp\/v2\/types\/page"}],"author":[{"embeddable":true,"href":"https:\/\/doofe-ohren.de\/index.php\/wp-json\/wp\/v2\/users\/2"}],"replies":[{"embeddable":true,"href":"https:\/\/doofe-ohren.de\/index.php\/wp-json\/wp\/v2\/comments?post=2669"}],"version-history":[{"count":4,"href":"https:\/\/doofe-ohren.de\/index.php\/wp-json\/wp\/v2\/pages\/2669\/revisions"}],"predecessor-version":[{"id":2734,"href":"https:\/\/doofe-ohren.de\/index.php\/wp-json\/wp\/v2\/pages\/2669\/revisions\/2734"}],"up":[{"embeddable":true,"href":"https:\/\/doofe-ohren.de\/index.php\/wp-json\/wp\/v2\/pages\/2661"}],"wp:attachment":[{"href":"https:\/\/doofe-ohren.de\/index.php\/wp-json\/wp\/v2\/media?parent=2669"}],"curies":[{"name":"wp","href":"https:\/\/api.w.org\/{rel}","templated":true}]}}

[vorbei] 14.03.2025: Tag und Nacht der Hörgesundheit in Köln

<p>Im März bin ich in Köln beim Netzwerk für Hörgesundheit zu Gast. Bei der Veranstaltung &#8222;Tag der Hörgesundheit&#8220; bin ich als Teilnehmerin dabei. Abends, in der &#8222;Nacht der Hörgesundheit&#8220; bin ich Teilnehmerin in einem Panel, wo Betroffenen einen Stimme gegeben wird.</p>



<p><strong>Veranstaltungsort:</strong> Mediapark Köln</p>



<p><strong>Zielgruppe: </strong>Die Zielgruppe dieser Veranstaltung sind <strong>Akustiker*innen</strong>. </p>



<p>Hinweis: diese Veranstaltung liegt in der Vergangenheit. Es wird aber 2026 wieder einen Tag und eine Nacht der Hörgesundheit geben. Halte Ausschau auf: <a href="https://netzwerk-hoergesundheit.de/">https://netzwerk-hoergesundheit.de/</a></p>



<p>Einen Bericht von mir zu diesem Tag findest du hier: <a href="https://doofe-ohren.de/index.php/2025/04/01/die-auracast-zukunft-schnuppern/">Die Auracast-Zukunft schnuppern</a> (01.04.2025)</p>



<p></p>

<p>Im März bin ich in Köln beim Netzwerk für Hörgesundheit zu Gast. Bei der Veranstaltung &#8222;Tag der Hörgesundheit&#8220; bin ich als Teilnehmerin dabei. Abends, in der &#8222;Nacht der Hörgesundheit&#8220; bin ich Teilnehmerin in einem Panel, wo Betroffenen einen Stimme gegeben &hellip; <a href="https://doofe-ohren.de/index.php/veranstaltungen/14-03-2025-tag-und-nacht-der-hoergesundheit-in-koeln/">Weiterlesen <span class="meta-nav">&rarr;</span></a></p>
