{"id":2664,"date":"2025-01-06T15:16:42","date_gmt":"2025-01-06T15:16:42","guid":{"rendered":"https:\/\/doofe-ohren.de\/?page_id=2664"},"modified":"2025-05-03T19:04:20","modified_gmt":"2025-05-03T19:04:20","slug":"03-02-2025-webinar-airpods-als-hoergeraete","status":"publish","type":"page","link":"https:\/\/doofe-ohren.de\/index.php\/veranstaltungen\/03-02-2025-webinar-airpods-als-hoergeraete\/","title":{"rendered":"[vorbei] 03.02.2025 Webinar: Airpods als H\u00f6rger\u00e4te"},"content":{"rendered":"\n<p>Auf Basis meines Tests der Apple Airpods Pro 2 als H\u00f6rger\u00e4te, halte ich im Februar ein Webinar (Online Seminar) zu dem Thema. Das ganze wird organisiert von der Pro Audito Schweiz. Pro Audito Schweiz ist die f\u00fchrende Anlaufstelle f\u00fcr die 1,3 Millionen Menschen mit Schwerh\u00f6rigkeit in der Schweiz. Bei diesem Webinar k\u00f6nnt ihr eure Fragen stellen und euch mit mir und meinen Kollegen von Pro Audito austauschen.<\/p>\n\n\n\n<p>Das Webinar ist kostenlos und steht jedem\/r offen, der\/die sich daf\u00fcr interessiert. <strong>Informationen<\/strong> findet ihr hier: <a href=\"https:\/\/www.pro-audito.ch\/agenda\/airpods-als-hoergeraete\/\">https:\/\/www.pro-audito.ch\/agenda\/airpods-als-hoergeraete\/<\/a><\/p>\n\n\n\n<p>Zielgruppe sind Menschen mit Schwerh\u00f6rigkeit &#8211; mit und ohne H\u00f6rger\u00e4te. Es ist kein Vorwissen erforderlich.<\/p>\n\n\n\n<p>Den ausf\u00fchrlichen Artikel von mir zum Airpods Test findet ihr hier auf Doofe Ohren: <a href=\"https:\/\/doofe-ohren.de\/index.php\/2024\/12\/20\/eine-woche-airpods-als-hoergeraet-der-selbsttest\/\">https:\/\/doofe-ohren.de\/index.php\/2024\/12\/20\/eine-woche-airpods-als-hoergeraet-der-selbsttest\/<\/a><\/p>\n\n\n\n<p><strong>Hinweis: diese Veranstaltung liegt in der Vergangenheit. F\u00fcr weitere Veranstaltungen von Pro Audito, besuche bitte <a href=\"https:\/\/www.pro-audito.ch\/\">https:\/\/www.pro-audito.ch\/<\/a><\/strong><\/p>\n\n\n\n<p><a href=\"https:\/\/drive.google.com\/file\/d\/1Y3O3UMOdhJH2xOy4tvCkQilg2KFi62a1\/view?usp=sharing\">Eine Variante der in diesem Webinar verwendeten Folien findest du hier.<\/a><\/p>\n\n\n\n<figure class=\"wp-block-image size-large\"><img loading=\"lazy\" decoding=\"async\" width=\"1024\" height=\"575\" src=\"https:\/\/doofe-ohren.de\/wp-content\/uploads\/2025\/02\/Screenshot-From-2025-02-03-18-55-53-1024x575.png\" alt=\"Titelfolie des Webinars - AirPods als H\u00f6rger\u00e4te: Was taugen Sie wirklich? Ein Webinar von Helga Velroyen, Februar 2025. Daneben ein Bild der AirPods Pro 2.\" class=\"wp-image-2677\" srcset=\"https:\/\/doofe-ohren.de\/wp-content\/uploads\/2025\/02\/Screenshot-From-2025-02-03-18-55-53-1024x575.png 1024w, https:\/\/doofe-ohren.de\/wp-content\/uploads\/2025\/02\/Screenshot-From-2025-02-03-18-55-53-300x168.png 300w, https:\/\/doofe-ohren.de\/wp-content\/uploads\/2025\/02\/Screenshot-From-2025-02-03-18-55-53-768x431.png 768w, https:\/\/doofe-ohren.de\/wp-content\/uploads\/2025\/02\/Screenshot-From-2025-02-03-18-55-53-500x281.png 500w, https:\/\/doofe-ohren.de\/wp-content\/uploads\/2025\/02\/Screenshot-From-2025-02-03-18-55-53.png 1519w\" sizes=\"auto, (max-width: 1024px) 100vw, 1024px\" \/><\/figure>\n","protected":false},"excerpt":{"rendered":"<p>Auf Basis meines Tests der Apple Airpods Pro 2 als H\u00f6rger\u00e4te, halte ich im Februar ein Webinar (Online Seminar) zu dem Thema. Das ganze wird organisiert von der Pro Audito Schweiz. Pro Audito Schweiz ist die f\u00fchrende Anlaufstelle f\u00fcr die &hellip; <a href=\"https:\/\/doofe-ohren.de\/index.php\/veranstaltungen\/03-02-2025-webinar-airpods-als-hoergeraete\/\">Weiterlesen <span class=\"meta-nav\">&rarr;<\/span><\/a><\/p>\n","protected":false},"author":2,"featured_media":0,"parent":2661,"menu_order":0,"comment_status":"closed","ping_status":"closed","template":"","meta":{"footnotes":""},"class_list":["post-2664","page","type-page","status-publish","hentry"],"_links":{"self":[{"href":"https:\/\/doofe-ohren.de\/index.php\/wp-json\/wp\/v2\/pages\/2664","targetHints":{"allow":["GET"]}}],"collection":[{"href":"https:\/\/doofe-ohren.de\/index.php\/wp-json\/wp\/v2\/pages"}],"about":[{"href":"https:\/\/doofe-ohren.de\/index.php\/wp-json\/wp\/v2\/types\/page"}],"author":[{"embeddable":true,"href":"https:\/\/doofe-ohren.de\/index.php\/wp-json\/wp\/v2\/users\/2"}],"replies":[{"embeddable":true,"href":"https:\/\/doofe-ohren.de\/index.php\/wp-json\/wp\/v2\/comments?post=2664"}],"version-history":[{"count":6,"href":"https:\/\/doofe-ohren.de\/index.php\/wp-json\/wp\/v2\/pages\/2664\/revisions"}],"predecessor-version":[{"id":2731,"href":"https:\/\/doofe-ohren.de\/index.php\/wp-json\/wp\/v2\/pages\/2664\/revisions\/2731"}],"up":[{"embeddable":true,"href":"https:\/\/doofe-ohren.de\/index.php\/wp-json\/wp\/v2\/pages\/2661"}],"wp:attachment":[{"href":"https:\/\/doofe-ohren.de\/index.php\/wp-json\/wp\/v2\/media?parent=2664"}],"curies":[{"name":"wp","href":"https:\/\/api.w.org\/{rel}","templated":true}]}}

[vorbei] 03.02.2025 Webinar: Airpods als Hörgeräte

<p>Auf Basis meines Tests der Apple Airpods Pro 2 als Hörgeräte, halte ich im Februar ein Webinar (Online Seminar) zu dem Thema. Das ganze wird organisiert von der Pro Audito Schweiz. Pro Audito Schweiz ist die führende Anlaufstelle für die 1,3 Millionen Menschen mit Schwerhörigkeit in der Schweiz. Bei diesem Webinar könnt ihr eure Fragen stellen und euch mit mir und meinen Kollegen von Pro Audito austauschen.</p>



<p>Das Webinar ist kostenlos und steht jedem/r offen, der/die sich dafür interessiert. <strong>Informationen</strong> findet ihr hier: <a href="https://www.pro-audito.ch/agenda/airpods-als-hoergeraete/">https://www.pro-audito.ch/agenda/airpods-als-hoergeraete/</a></p>



<p>Zielgruppe sind Menschen mit Schwerhörigkeit &#8211; mit und ohne Hörgeräte. Es ist kein Vorwissen erforderlich.</p>



<p>Den ausführlichen Artikel von mir zum Airpods Test findet ihr hier auf Doofe Ohren: <a href="https://doofe-ohren.de/index.php/2024/12/20/eine-woche-airpods-als-hoergeraet-der-selbsttest/">https://doofe-ohren.de/index.php/2024/12/20/eine-woche-airpods-als-hoergeraet-der-selbsttest/</a></p>



<p><strong>Hinweis: diese Veranstaltung liegt in der Vergangenheit. Für weitere Veranstaltungen von Pro Audito, besuche bitte <a href="https://www.pro-audito.ch/">https://www.pro-audito.ch/</a></strong></p>



<p><a href="https://drive.google.com/file/d/1Y3O3UMOdhJH2xOy4tvCkQilg2KFi62a1/view?usp=sharing">Eine Variante der in diesem Webinar verwendeten Folien findest du hier.</a></p>



<figure class="wp-block-image size-large"><img loading="lazy" decoding="async" width="1024" height="575" src="https://doofe-ohren.de/wp-content/uploads/2025/02/Screenshot-From-2025-02-03-18-55-53-1024x575.png" alt="Titelfolie des Webinars - AirPods als Hörgeräte: Was taugen Sie wirklich? Ein Webinar von Helga Velroyen, Februar 2025. Daneben ein Bild der AirPods Pro 2." class="wp-image-2677" srcset="https://doofe-ohren.de/wp-content/uploads/2025/02/Screenshot-From-2025-02-03-18-55-53-1024x575.png 1024w, https://doofe-ohren.de/wp-content/uploads/2025/02/Screenshot-From-2025-02-03-18-55-53-300x168.png 300w, https://doofe-ohren.de/wp-content/uploads/2025/02/Screenshot-From-2025-02-03-18-55-53-768x431.png 768w, https://doofe-ohren.de/wp-content/uploads/2025/02/Screenshot-From-2025-02-03-18-55-53-500x281.png 500w, https://doofe-ohren.de/wp-content/uploads/2025/02/Screenshot-From-2025-02-03-18-55-53.png 1519w" sizes="auto, (max-width: 1024px) 100vw, 1024px" /></figure>

<p>Auf Basis meines Tests der Apple Airpods Pro 2 als Hörgeräte, halte ich im Februar ein Webinar (Online Seminar) zu dem Thema. Das ganze wird organisiert von der Pro Audito Schweiz. Pro Audito Schweiz ist die führende Anlaufstelle für die &hellip; <a href="https://doofe-ohren.de/index.php/veranstaltungen/03-02-2025-webinar-airpods-als-hoergeraete/">Weiterlesen <span class="meta-nav">&rarr;</span></a></p>
